{"id":1255,"date":"2026-02-24T12:13:59","date_gmt":"2026-02-24T11:13:59","guid":{"rendered":"https:\/\/www.sfsgroupaustria.at\/?page_id=1255"},"modified":"2026-03-10T16:15:17","modified_gmt":"2026-03-10T15:15:17","slug":"mehrkomponentenspritzguss","status":"publish","type":"page","link":"https:\/\/www.sfsgroupaustria.at\/index.php\/mehrkomponentenspritzguss\/","title":{"rendered":"Mehrkomponentenspritzguss"},"content":{"rendered":"\t\t<div data-elementor-type=\"wp-page\" data-elementor-id=\"1255\" class=\"elementor elementor-1255\">\n\t\t\t\t\t\t<section class=\"elementor-section elementor-top-section elementor-element elementor-element-46342f25 ct-section-stretched elementor-section-boxed elementor-section-height-default elementor-section-height-default\" data-id=\"46342f25\" data-element_type=\"section\" data-e-type=\"section\" data-settings=\"{&quot;background_background&quot;:&quot;classic&quot;}\">\n\t\t\t\t\t\t\t<div class=\"elementor-background-overlay\"><\/div>\n\t\t\t\t\t\t\t<div class=\"elementor-container elementor-column-gap-default\">\n\t\t\t\t\t<div class=\"elementor-column elementor-col-100 elementor-top-column elementor-element elementor-element-19e8ac42\" data-id=\"19e8ac42\" data-element_type=\"column\" data-e-type=\"column\">\n\t\t\t<div class=\"elementor-widget-wrap\">\n\t\t\t\t\t\t\t<\/div>\n\t\t<\/div>\n\t\t\t\t\t<\/div>\n\t\t<\/section>\n\t\t<div class=\"elementor-element elementor-element-2b24caf0 e-flex e-con-boxed e-con e-parent\" data-id=\"2b24caf0\" data-element_type=\"container\" data-e-type=\"container\">\n\t\t\t\t\t<div class=\"e-con-inner\">\n\t\t\t\t<div class=\"elementor-element elementor-element-42f25ed9 elementor-widget elementor-widget-heading\" data-id=\"42f25ed9\" data-element_type=\"widget\" data-e-type=\"widget\" data-widget_type=\"heading.default\">\n\t\t\t\t\t<h2 class=\"elementor-heading-title elementor-size-default\">Mehrkomponentenspritzguss<\/h2>\t\t\t\t<\/div>\n\t\t\t\t\t<\/div>\n\t\t\t\t<\/div>\n\t\t<div class=\"elementor-element elementor-element-5b31fbed e-flex e-con-boxed e-con e-parent\" data-id=\"5b31fbed\" data-element_type=\"container\" data-e-type=\"container\">\n\t\t\t\t\t<div class=\"e-con-inner\">\n\t\t\t\t<div class=\"elementor-element elementor-element-74a8827 elementor-widget elementor-widget-text-editor\" data-id=\"74a8827\" data-element_type=\"widget\" data-e-type=\"widget\" data-widget_type=\"text-editor.default\">\n\t\t\t\t\t\t\t\t\t<p>Multifunktionale L\u00f6sungen \u2013 Die Verwendung von zwei unterschiedlichen Werkstoffen oder Farben an einem Bauteil kann verschiedene Vorteile mit sich bringen. Sei es aus funktionellen oder optischen Gr\u00fcnden. Wir verf\u00fcgen \u00fcber g\u00e4ngige Technologien im Bereich des Mehrkomponenten-Spritzgie\u00dfens.<\/p>\t\t\t\t\t\t\t\t<\/div>\n\t\t\t\t\t<\/div>\n\t\t\t\t<\/div>\n\t\t<div class=\"elementor-element elementor-element-4c24ffe e-flex e-con-boxed e-con e-parent\" data-id=\"4c24ffe\" data-element_type=\"container\" data-e-type=\"container\">\n\t\t\t\t\t<div class=\"e-con-inner\">\n\t\t\t\t<div class=\"elementor-element elementor-element-201b03f elementor-widget elementor-widget-image\" data-id=\"201b03f\" data-element_type=\"widget\" data-e-type=\"widget\" data-widget_type=\"image.default\">\n\t\t\t\t\t\t\t\t\t\t\t\t\t\t\t<img fetchpriority=\"high\" decoding=\"async\" width=\"1024\" height=\"384\" src=\"https:\/\/www.sfsgroupaustria.at\/wp-content\/uploads\/2026\/02\/Banner-Mehrkomponentenspritzguss-2-1024x384.png\" class=\"attachment-large size-large wp-image-1599\" alt=\"\" srcset=\"https:\/\/www.sfsgroupaustria.at\/wp-content\/uploads\/2026\/02\/Banner-Mehrkomponentenspritzguss-2-1024x384.png 1024w, https:\/\/www.sfsgroupaustria.at\/wp-content\/uploads\/2026\/02\/Banner-Mehrkomponentenspritzguss-2-300x113.png 300w, https:\/\/www.sfsgroupaustria.at\/wp-content\/uploads\/2026\/02\/Banner-Mehrkomponentenspritzguss-2-768x288.png 768w, https:\/\/www.sfsgroupaustria.at\/wp-content\/uploads\/2026\/02\/Banner-Mehrkomponentenspritzguss-2-1536x576.png 1536w, https:\/\/www.sfsgroupaustria.at\/wp-content\/uploads\/2026\/02\/Banner-Mehrkomponentenspritzguss-2-2048x768.png 2048w\" sizes=\"(max-width: 1024px) 100vw, 1024px\" \/>\t\t\t\t\t\t\t\t\t\t\t\t\t\t\t<\/div>\n\t\t\t\t\t<\/div>\n\t\t\t\t<\/div>\n\t\t<div class=\"elementor-element elementor-element-f91e63c e-flex e-con-boxed e-con e-parent\" data-id=\"f91e63c\" data-element_type=\"container\" data-e-type=\"container\">\n\t\t\t\t\t<div class=\"e-con-inner\">\n\t\t\t\t<div class=\"elementor-element elementor-element-da0b690 elementor-widget elementor-widget-image\" data-id=\"da0b690\" data-element_type=\"widget\" data-e-type=\"widget\" data-widget_type=\"image.default\">\n\t\t\t\t\t\t\t\t\t\t\t\t\t\t\t<img decoding=\"async\" width=\"1024\" height=\"683\" src=\"https:\/\/www.sfsgroupaustria.at\/wp-content\/uploads\/2026\/02\/A742740-1024x683.jpg\" class=\"attachment-large size-large wp-image-1450\" alt=\"\" srcset=\"https:\/\/www.sfsgroupaustria.at\/wp-content\/uploads\/2026\/02\/A742740-1024x683.jpg 1024w, https:\/\/www.sfsgroupaustria.at\/wp-content\/uploads\/2026\/02\/A742740-300x200.jpg 300w, https:\/\/www.sfsgroupaustria.at\/wp-content\/uploads\/2026\/02\/A742740-768x512.jpg 768w, https:\/\/www.sfsgroupaustria.at\/wp-content\/uploads\/2026\/02\/A742740-1536x1024.jpg 1536w, https:\/\/www.sfsgroupaustria.at\/wp-content\/uploads\/2026\/02\/A742740-2048x1366.jpg 2048w\" sizes=\"(max-width: 1024px) 100vw, 1024px\" \/>\t\t\t\t\t\t\t\t\t\t\t\t\t\t\t<\/div>\n\t\t\t\t\t<\/div>\n\t\t\t\t<\/div>\n\t\t\t\t<\/div>\n\t\t","protected":false},"excerpt":{"rendered":"<p>Mehrkomponentenspritzguss Multifunktionale L\u00f6sungen \u2013 Die Verwendung von zwei unterschiedlichen Werkstoffen oder Farben an einem Bauteil kann verschiedene Vorteile mit sich bringen. Sei es aus funktionellen oder optischen Gr\u00fcnden. Wir verf\u00fcgen \u00fcber g\u00e4ngige Technologien im Bereich des Mehrkomponenten-Spritzgie\u00dfens.<\/p>\n","protected":false},"author":2,"featured_media":0,"parent":0,"menu_order":0,"comment_status":"closed","ping_status":"closed","template":"","meta":{"footnotes":""},"class_list":["post-1255","page","type-page","status-publish","hentry"],"blocksy_meta":[],"_links":{"self":[{"href":"https:\/\/www.sfsgroupaustria.at\/index.php\/wp-json\/wp\/v2\/pages\/1255","targetHints":{"allow":["GET"]}}],"collection":[{"href":"https:\/\/www.sfsgroupaustria.at\/index.php\/wp-json\/wp\/v2\/pages"}],"about":[{"href":"https:\/\/www.sfsgroupaustria.at\/index.php\/wp-json\/wp\/v2\/types\/page"}],"author":[{"embeddable":true,"href":"https:\/\/www.sfsgroupaustria.at\/index.php\/wp-json\/wp\/v2\/users\/2"}],"replies":[{"embeddable":true,"href":"https:\/\/www.sfsgroupaustria.at\/index.php\/wp-json\/wp\/v2\/comments?post=1255"}],"version-history":[{"count":41,"href":"https:\/\/www.sfsgroupaustria.at\/index.php\/wp-json\/wp\/v2\/pages\/1255\/revisions"}],"predecessor-version":[{"id":2021,"href":"https:\/\/www.sfsgroupaustria.at\/index.php\/wp-json\/wp\/v2\/pages\/1255\/revisions\/2021"}],"wp:attachment":[{"href":"https:\/\/www.sfsgroupaustria.at\/index.php\/wp-json\/wp\/v2\/media?parent=1255"}],"curies":[{"name":"wp","href":"https:\/\/api.w.org\/{rel}","templated":true}]}}